0373 a prime number?
False
Is 2835165031 a composite number?
True
Is 1629246139 prime?
True
Is 8934598786 composite?
True
Is 9539640113 prime?
False
Is 231169717 composite?
False
Is 40067869015 prime?
False
Is 254077015 a prime number?
False
Is 34014958739 a composite number?
False
Is 6652769257 prime?
True
Is 18177830773 a composite number?
False
Is 397971295 composite?
True
Is 610490231 a composite number?
True
Is 32785827673 composite?
False
Is 108591117577 a composite number?
False
Is 17272459419 a prime number?
False
Is 11954827961 prime?
True
Is 41181927601 prime?
False
Is 15189796471 a prime number?
True
Is 908184289 a composite number?
True
Is 1903245289 a prime number?
False
Is 3535863181 prime?
False
Is 10668928643 prime?
False
Is 129303016541 composite?
False
Is 5029801211 a prime number?
False
Is 226346963 a prime number?
True
Is 1800001331 a composite number?
True
Is 98092234631 a prime number?
False
Is 134056591 a prime number?
False
Is 2590509917 a composite number?
True
Is 422160643 composite?
True
Is 22511452142 prime?
False
Is 3209681 a composite number?
False
Is 8974462463 a composite number?
False
Is 327592351 composite?
False
Is 2557149383 a prime number?
True
Is 11816093659 prime?
True
Is 2288635361 a prime number?
True
Is 84728138809 a prime number?
True
Is 423408047 a prime number?
False
Is 18033554609 composite?
True
Is 107680480871 prime?
True
Is 874034621 a composite number?
True
Is 5587837 composite?
False
Is 1307812043 prime?
False
Is 827573393 prime?
False
Is 630565043 composite?
False
Is 563436983 a prime number?
True
Is 16686657497 composite?
False
Is 3292365539 a composite number?
False
Is 389227627 prime?
False
Is 7432831229 composite?
False
Is 20116564979 a composite number?
True
Is 2239779727 composite?
False
Is 6442331347 a prime number?
False
Is 6686343337 a prime number?
False
Is 1815484919 a composite number?
False
Is 280372410391 prime?
True
Is 258929521 a composite number?
False
Is 668746007 composite?
True
Is 8427935881 a composite number?
False
Is 753422921 a composite number?
True
Is 88019639 a composite number?
False
Is 657056123 prime?
True
Is 10764575093 a prime number?
True
Is 395605201 composite?
False
Is 1786831663 prime?
True
Is 3725911993 composite?
False
Is 229240472251 a prime number?
False
Is 18573556637 a composite number?
False
Is 285160553 a prime number?
False
Is 2980956481 prime?
True
Is 63043163 a composite number?
False
Is 7076258507 a prime number?
False
Is 3300890147 prime?
False
Is 8143826809 a prime number?
True
Is 31550824987 a prime number?
False
Is 40485396503 a prime number?
True
Is 2235427511 a prime number?
True
Is 59913829 a prime number?
False
Is 1453363931 prime?
False
Is 572099483 prime?
True
Is 9228677797 a prime number?
True
Is 5984609171 composite?
False
Is 195981489727 prime?
False
Is 109038566513 prime?
True
Is 1967766517 a prime number?
False
Is 2168418689 composite?
False
Is 2239717757 a composite number?
True
Is 1107847751 a prime number?
True
Is 13243273759 composite?
True
Is 446132567021 prime?
True
Is 672649097 prime?
True
Is 170533081 a prime number?
False
Is 20749535473 prime?
True
Is 88040572715 a composite number?
True
Is 28589004851 prime?
False
Is 3091378943 prime?
True
Is 124920749 a prime number?
True
Is 15725552155 prime?
False
Is 4070714407 a prime number?
True
Is 369846623 a composite number?
False
Is 3087555401 prime?
False
Is 1164803443 a composite number?
True
Is 46789807 prime?
False
Is 202702153 a prime number?
False
Is 17260230749 a composite number?
False
Is 13817500157 a prime number?
True
Is 94243913 a composite number?
False
Is 30458512423 a composite number?
False
Is 2637794827 a prime number?
True
Is 502871767 prime?
False
Is 259811971 prime?
True
Is 243613181993 composite?
True
Is 5022747039 composite?
True
Is 3055361347 composite?
True
Is 11445839177 a composite number?
False
Is 25359442627 a prime number?
True
Is 4678196101 a composite number?
True
Is 1610222261 prime?
True
Is 1072152317 a prime number?
False
Is 5421641359 prime?
True
Is 26058982459 composite?
False
Is 3171783599 composite?
False
Is 5159137229 a prime number?
True
Is 61808982239 a prime number?
False
Is 2627300045 prime?
False
Is 8560979879 composite?
True
Is 6624906101 composite?
True
Is 3387134093 a prime number?
False
Is 36298580254 prime?
False
Is 1418435971 prime?
True
Is 5332842055 prime?
False
Is 24130689977 a prime number?
False
Is 637565327 prime?
False
Is 49484187251 a composite number?
False
Is 1130855171 a composite number?
False
Is 46396843023 a prime number?
False
Is 5396686177 prime?
True
Is 1770033283 prime?
False
Is 1780247927 prime?
True
Is 917820731 composite?
False
Is 64182381 a prime number?
False
Is 8773631983 prime?
False
Is 980260321 a composite number?
True
Is 1518935189 prime?
True
Is 138830822302 prime?
False
Is 23330020193 composite?
True
Is 451193363 composite?
True
Is 409419737 composite?
False
Is 7179284693 prime?
False
Is 241198457 prime?
True
Is 85834736651 composite?
False
Is 14839029889 prime?
True
Is 168868099 prime?
True
Is 6378222386 prime?
False
Is 1597902077 a prime number?
True
Is 4650443359 composite?
True
Is 11466786119 a composite number?
False
Is 241103387 prime?
False
Is 6571898917 a prime number?
False
Is 807036322 a prime number?
False
Is 1152966097 composite?
True
Is 2045245711 prime?
False
Is 362739129 a composite number?
True
Is 13460708579 a composite number?
True
Is 251317967 composite?
True
Is 284705173 a prime number?
False
Is 34965471967 composite?
True
Is 190191176467 prime?
True
Is 3775311763 a prime number?
True
Is 16763487701 composite?
True
Is 242019079121 a composite number?
False
Is 469234919 composite?
False
Is 81378208105 composite?
True
Is 3629278837 a prime number?
False
Is 4573992889 prime?
True
Is 5099857067 a prime number?
False
Is 2938592957 a composite number?
False
Is 243912152713 a prime number?
False
Is 3294912139 prime?
True
Is 6994168211 prime?
True
Is 3114792389 composite?
False
Is 105011234233 prime?
True
Is 1681718099 composite?
False
Is 3506968451 a composite number?
True
Is 55911301085 a composite number?
True
Is 177866676617 composite?
True
Is 38994365141 a composite number?
True
Is 2011125937 a composite number?
False
Is 5124448457 a composite number?
False
Is 1281360419 a composite number?
False
Is 2993307337 composite?
False
Is 10335037319 a composite number?
False
Is 7380843991 composite?
False
Is 31727733613 a prime number?
True
Is 447335869 prime?
False
Is 1447975987 a composite number?
True
Is 1727696539 composite?
False
Is 3146868451 prime?
False
Is 3456603629 a composite number?
True
Is 2319036737 prime?
False
Is 91903859147 composite?
False
Is 19700315137 composite?
False
Is 17007786943 a prime number?
False
Is 3287340187 a prime number?
False
Is 799616171 composite?
False
Is 225017580217 prime?
True
Is 2579562017 prime?
True
Is 7256971903 a prime number?
True
Is 3651556403 a prime number?
False
Is 4802843687 a prime number?
True
Is 3947745199 a prime number?
False
Is 230319041 a composite number?
True
Is 22018815697 a prime number?
True
Is 496538167 composite?
True
Is 134931649 a prime number?
True
Is 16961703481 a composite number?
False
Is 10214835749 a composite number?
True
Is 353599793 prime?
False
Is 251274949 a prime number?
False
Is 18215150563 composite?
True
Is 11234926463 composite?
True
Is 4509800201 a prime number?
True
Is 16633486733 a composite number?
False
Is 34942209299 composite?
False
Is 6627901673 a prime number?
False
Is 17405528501 a prime number?
True
Is 203201122 prime?
False
Is 4218024197 composite?
False
Is 114115693 a prime number?
True
Is 86810663 a composite number?
True
Is 6886322917 a composite number?
True
Is 5006613533 a prime number?
True
Is 15130777271 a composite number?
True
Is 57711023087 prime?
True
Is 267456010249 composite?
False
Is 2746238459 a composite number?
True
Is 1105702687 composite?
True
Is 1216886147 a composite number?
False
Is 8126198851 composite?
False
Is 11956762177 a composite number?
False
Is 3092531847 a composite number?
True
Is 127074157817 a prime number?
False
Is 2215296751 a prime number?
True
Is 4882604851 composite?
True
Is 523265489 a prime number?
False
Is 7441947349 prime?
False
Is 102462530081 a p